{"id":6,"date":"2014-02-10T17:24:40","date_gmt":"2014-02-10T17:24:40","guid":{"rendered":"http:\/\/dhcrowdscribe.com\/crowdmap-the-crusades\/?page_id=6"},"modified":"2019-02-26T15:55:12","modified_gmt":"2019-02-26T15:55:12","slug":"people","status":"publish","type":"page","link":"http:\/\/dhcrowdscribe.com\/crowdmap-the-crusades\/people\/","title":{"rendered":"People"},"content":{"rendered":"<p dir=\"ltr\"><strong>About the Project Organisers<\/strong><\/p>\n<p dir=\"ltr\"><strong>Principal Investigator: Emma Goodwin<\/strong><\/p>\n<p><a href=\"http:\/\/dhcrowdscribe.com\/crowdmap-the-crusades\/wp-content\/uploads\/sites\/2\/2019\/02\/Faculty-photo_2019.jpg\"><img loading=\"lazy\" decoding=\"async\" class=\"alignnone size-medium wp-image-420\" src=\"http:\/\/dhcrowdscribe.com\/crowdmap-the-crusades\/wp-content\/uploads\/sites\/2\/2019\/02\/Faculty-photo_2019-300x300.jpg\" alt=\"\" width=\"300\" height=\"300\" srcset=\"http:\/\/dhcrowdscribe.com\/crowdmap-the-crusades\/wp-content\/uploads\/sites\/2\/2019\/02\/Faculty-photo_2019-300x300.jpg 300w, http:\/\/dhcrowdscribe.com\/crowdmap-the-crusades\/wp-content\/uploads\/sites\/2\/2019\/02\/Faculty-photo_2019-150x150.jpg 150w, http:\/\/dhcrowdscribe.com\/crowdmap-the-crusades\/wp-content\/uploads\/sites\/2\/2019\/02\/Faculty-photo_2019-768x768.jpg 768w, http:\/\/dhcrowdscribe.com\/crowdmap-the-crusades\/wp-content\/uploads\/sites\/2\/2019\/02\/Faculty-photo_2019-1024x1024.jpg 1024w\" sizes=\"auto, (max-width: 300px) 100vw, 300px\" \/><\/a><\/p>\n<p dir=\"ltr\">Emma is a D Phil Candidate at Merton College, University of Oxford, finalising a thesis entitled \u2018Conceptualising National Identity in late twelfth-century <em>chanson de geste<\/em> composed in French\u2019. She is Principal Investigator of the AHRC-funded Collaborative Skills Project, \u2018Promoting Interdisciplinary Engagement in the Digital Humanities\u2019 (dhAHRC). Emma also set up the DHCrowdScribe and CrowdMapCrusade (formally MapFirstCrusade) digital projects, which are affiliated to the dhAHRC project and supported by the Oxford Research Centre for the Humanities (TORCH).<\/p>\n<p dir=\"ltr\">Emma has published on crusade epic and medieval narrative verse and has presented in French and English both in the UK and overseas. She teaches medieval literature to French undergraduates and is a committee member of the Soci\u00e9t\u00e9 Rencesvals (British Branch). \u00a0Emma is a former bursary award holder of the Digital Humanities at Oxford Summer School, held\u00a0a funded internship in Digital Humanities at the Deutsche Literatur Archiv in Marbach, Germany in Autumn 2014, where she was awarded a S\u00fchrkamp scholarship. In July 2018 Emma was awarded a DAAD scholarship to attend the European Summer University in Digital Humanities at the University of Leipzig.<\/p>\n<p dir=\"ltr\">Emma\u00a0has an M.A. in Medieval and Modern Languages from Cambridge University (French and German)\u00a0and an M.A. in French Literature and College from Kings&#8217; College London. She is also\u00a0a qualified chartered accountant (FCA)\u00a0and information systems auditor (CISA).<\/p>\n<p dir=\"ltr\">Publications and Teaching<\/p>\n<p>Journal Articles\/ Book chapters<\/p>\n<p>\u2018Textually embedded discursive strategies which aim to construct national identity in Old French Epic\u2019 in Hulya Tafli (ed.) <em><span style=\"font-family: Thread-00001250-Id-00000025;\">Texts and Territories: The Curious History of the Middle Ages<\/span><\/em>, Cambridge Scholars Publishing, 2018.<\/p>\n<p>\u2018Translating La Chastelaine de Vergy into Medieval Dutch and Medieval Italian\u2019, General Issue Queeste, 2019\u00a0(forthcoming).<\/p>\n<p>\u2018Strat\u00e9gies discursives qui visent \u00e0 construire une identit\u00e9 nationale? Une comparaison de quelques chansons de gestes? \u2019, <span style=\"font-family: Thread-00001250-Id-00000025;\"><em>Actes du colloque \u00e0 l\u2019ENS Lyon\u00a0: <\/em><em>L\u2019\u00c9pop\u00e9e sensible : les \u00e9motions de l\u2019Europe m\u00e9di\u00e9vale et le discours \u00e9pique<\/em><\/span> in <em><span style=\"font-family: Thread-00001250-Id-00000025;\">Colloques, congr\u00e8s, conf\u00e9rences : Le Moyen \u00c2ge<\/span><\/em>, Mich\u00e8le Gu\u00e9ret-Lafert\u00e9 et Jeanne-Marie Boivin (eds), Honor\u00e9 Champion, 2019 (forthcoming).<\/p>\n<p>\u2018Des strat\u00e9gies discursives qui d\u00e9passent les textes et visent \u00e0 attirer les lecteurs ?\u00a0 Comparaison de la Chanson d\u2019Antioche \u00e0 d\u2019autres chansons de gestes\u2019 in Emese Egedi- Kov\u00e1cs (ed.), <em><span style=\"font-family: Thread-00001250-Id-00000025;\">Byzance et Occident III\u00a0: \u00c9crits et manuscrits<\/span><\/em>, Coll\u00e8ge E\u0151tv\u0151s J\u00f3zsef ELTE, Budapest, 2017.<\/p>\n<p>\u2018Les Occidentaux en Orient: \u00e9change culturel ou conflictuel? Perspectives sur la Chanson d\u2019Antioche et la Canso d\u2019Antioca.\u2019, in Emese Egedi- Kov\u00e1cs (ed.), <em><span style=\"font-family: Thread-00001250-Id-00000025;\">Rencontre de l\u2019Occident avec l\u2019Orient<\/span><\/em>, Coll\u00e8ge E\u0151tv\u0151s J\u00f3zsef ELTE, Budapest, 2015.<\/p>\n<p>\u2018R\u00e9\u00e9crire la rencontre de l\u2019Occident avec l\u2019Orient : R\u00e9flexions sur La Chanson d\u2019Antioche\u2019, in Emese Egedi- Kov\u00e1cs (ed.), <em><span style=\"font-family: Thread-00001250-Id-00000025;\">Rencontre de l\u2019Occident avec l\u2019Orient<\/span><\/em>, Coll\u00e8ge E\u0151tv\u0151s J\u00f3zsef ELTE, Budapest, 2013.<\/p>\n<p>\u2018Arme \u00e0 double trenchant: le dialogue courtois dans La Chastelaine de Vergy\u2019, in Emese Egedi- Kov\u00e1cs (ed.), <em><span style=\"font-family: Thread-00001250-Id-00000025;\">Dialogue des cultures courtoises<\/span><\/em>, Coll\u00e8ge E\u0151tv\u0151s J\u00f3zsef ELTE, Budapest, 2012.<\/p>\n<p>Review Articles<\/p>\n<p>Reviewer for French Studies.<\/p>\n<p>Noah D. Guynn and Zrinka Stahuljak (eds). <em><span style=\"font-family: Thread-00001250-Id-00000025;\">Violence and the Writing of History in the Medieval Francophone World<\/span><\/em>, 68 (2014), 1, 93-94.<\/p>\n<p>Teaching<\/p>\n<p>Lecture Series for Papers IV, VI, VII, IX: &#8220;France and the French in the <em><span style=\"font-family: Thread-00001250-Id-00000025;\">chansons de geste?<\/span><\/em>&#8220;; Tutorials on the text and manuscripts of <em><span style=\"font-family: Thread-00001250-Id-00000025;\">La Chastelaine de Vergi<\/span><\/em><\/p>\n<p><strong>Technical Guidance (dhAHRC and DHCrowdScribe): Pat Lockley<\/strong><\/p>\n<p><a href=\"http:\/\/dhcrowdscribe.com\/wp-content\/uploads\/2014\/02\/patrick.lockley.jpg\"><img loading=\"lazy\" decoding=\"async\" class=\"alignnone size-full wp-image-12\" src=\"http:\/\/dhcrowdscribe.com\/wp-content\/uploads\/2014\/02\/patrick.lockley.jpg\" alt=\"patrick.lockley\" width=\"150\" height=\"150\" \/><\/a><\/p>\n<p>Pat is a developer and consultant on the project. Having previously worked for the University of Nottingham and Oxford on a variety of projects including <a href=\"http:\/\/ww1centenary.oucs.ox.ac.uk\/\">WW1C<\/a>, <a href=\"http:\/\/writersinspire.org\/\">Great Writers Inspire<\/a>,\u00a0<a href=\"http:\/\/politicsinspires.org\/\">Politics In Spires<\/a>\u00a0and <a href=\"http:\/\/xpert.nottingham.ac.uk\">Xpert<\/a><\/p>\n<p>Pat has won an Association of Learning Technologist&#8217;s team of the year award (and has also finished second in the same area). Pat also has a an IMS Global (international elearning organisation) Platinum award for innovation.<\/p>\n<p>Outside of Universities, Pat has helped develop <a href=\"http:\/\/openjoyce.com\">OpenJoyce<\/a>, a large collection of open educational resources about the author James Joyce, and the <a href=\"http:\/\/humabirdproject.org\/examples\/\">Huma Bird Project<\/a>, an open source digital humanities tool. Other examples of things he spends time doing can be found at <a href=\"http:\/\/pgogy.com\">pgogy.com<\/a><\/p>\n","protected":false},"excerpt":{"rendered":"<p>About the Project Organisers Principal Investigator: Emma Goodwin Emma is a D Phil Candidate at Merton College, University of Oxford, finalising a thesis entitled \u2018Conceptualising National Identity in late twelfth-century chanson de geste composed in French\u2019. She is Principal Investigator of the AHRC-funded Collaborative Skills Project, \u2018Promoting Interdisciplinary Engagement in the Digital Humanities\u2019 (dhAHRC). Emma &hellip; <a href=\"http:\/\/dhcrowdscribe.com\/crowdmap-the-crusades\/people\/\" class=\"more-link\">Continue reading <span class=\"screen-reader-text\">People<\/span> <span class=\"meta-nav\">&rarr;<\/span><\/a><\/p>\n","protected":false},"author":1,"featured_media":0,"parent":0,"menu_order":0,"comment_status":"open","ping_status":"open","template":"","meta":{"footnotes":""},"class_list":["post-6","page","type-page","status-publish","hentry"],"_links":{"self":[{"href":"http:\/\/dhcrowdscribe.com\/crowdmap-the-crusades\/wp-json\/wp\/v2\/pages\/6","targetHints":{"allow":["GET"]}}],"collection":[{"href":"http:\/\/dhcrowdscribe.com\/crowdmap-the-crusades\/wp-json\/wp\/v2\/pages"}],"about":[{"href":"http:\/\/dhcrowdscribe.com\/crowdmap-the-crusades\/wp-json\/wp\/v2\/types\/page"}],"author":[{"embeddable":true,"href":"http:\/\/dhcrowdscribe.com\/crowdmap-the-crusades\/wp-json\/wp\/v2\/users\/1"}],"replies":[{"embeddable":true,"href":"http:\/\/dhcrowdscribe.com\/crowdmap-the-crusades\/wp-json\/wp\/v2\/comments?post=6"}],"version-history":[{"count":6,"href":"http:\/\/dhcrowdscribe.com\/crowdmap-the-crusades\/wp-json\/wp\/v2\/pages\/6\/revisions"}],"predecessor-version":[{"id":423,"href":"http:\/\/dhcrowdscribe.com\/crowdmap-the-crusades\/wp-json\/wp\/v2\/pages\/6\/revisions\/423"}],"wp:attachment":[{"href":"http:\/\/dhcrowdscribe.com\/crowdmap-the-crusades\/wp-json\/wp\/v2\/media?parent=6"}],"curies":[{"name":"wp","href":"https:\/\/api.w.org\/{rel}","templated":true}]}}